{"id":178,"date":"2025-02-02T19:27:52","date_gmt":"2025-02-02T22:27:52","guid":{"rendered":"https:\/\/itaenga.pe.gov.br\/v1\/?page_id=178"},"modified":"2025-02-03T21:08:40","modified_gmt":"2025-02-04T00:08:40","slug":"secretaria-municipal-de-cultura","status":"publish","type":"page","link":"https:\/\/itaenga.pe.gov.br\/v1\/secretaria-municipal-de-cultura\/","title":{"rendered":"Secret\u00e1ria Municipal de Cultura e Turismo"},"content":{"rendered":"<p>&nbsp;<\/p>\n<p>NOME DO SECRET\u00c1RIO: Fabio Junior de Santana<\/p>\n<p>ENDERE\u00c7O: Ita Clube (sede provis\u00f3ria)<\/p>\n<p>HOR\u00c1RIO DE FUNCIONAMENTO: 8h \u00e0s 13h<\/p>\n<p><a href=\"mailto:cultura@itaenga.pe.gov.br\">cultura@itaenga.pe.gov.br<\/a><\/p>\n<p>&nbsp;<\/p>\n<hr \/>\n<h3><\/h3>\n<h3><strong>Compet\u00eancia<\/strong><\/h3>\n<p>\u00c9 \u00f3rg\u00e3o de Administra\u00e7\u00e3o Especifica, tendo por finalidade promover a execu\u00e7\u00e3o das pol\u00edticas da Administra\u00e7\u00e3o Municipal na \u00e1rea de Cultura, competindo-lhe especialmente:<\/p>\n<p>I \u2013 Incentivar e coordenar a forma\u00e7\u00e3o, a preserva\u00e7\u00e3o e a conserva\u00e7\u00e3o do patrim\u00f4nio art\u00edstico e da Mem\u00f3ria Social do Munic\u00edpio;<\/p>\n<p>II \u2013 Promover e incentivar o surgimento de talentos art\u00edsticos individuais e grupais;<\/p>\n<p>III \u2013 Promover as a\u00e7\u00f5es de car\u00e1ter cultural nos distritos;<\/p>\n<p>IV \u2013 Assessorar a municipalidade na presta\u00e7\u00e3o de coopera\u00e7\u00e3o financeira a entidades culturais e recreativas, mediante a concess\u00e3o de subven\u00e7\u00e3o para o alcance de seus objetivos, de acordo com pol\u00edticas e crit\u00e9rios estabelecidos;<\/p>\n<p>V \u2013 Promover a publica\u00e7\u00e3o de obras liter\u00e1rias, art\u00edsticas ou musicais de autores locais, considerando o seu valor cultural<\/p>\n<p>VI \u2013 Mobilizar meios e recursos, visando ao aperfei\u00e7oamento de profissionais da cultura;<\/p>\n<p>VII \u2013 Elaborar o programa Municipal de Cultura;<\/p>\n<p>VIII \u2013 A defesa e manuten\u00e7\u00e3o do patrim\u00f4nio hist\u00f3rico-art\u00edstico-cultural; a promo\u00e7\u00e3o e difus\u00e3o cultural, principalmente de car\u00e1ter popular em articula\u00e7\u00e3o com as demais Secretarias;<\/p>\n<p>IX \u2013 assessorar e representar o Prefeito, quando designado.<\/p>\n","protected":false},"excerpt":{"rendered":"<p>&nbsp; NOME DO SECRET\u00c1RIO: Fabio Junior de Santana ENDERE\u00c7O: Ita Clube (sede provis\u00f3ria) HOR\u00c1RIO DE FUNCIONAMENTO: 8h \u00e0s 13h cultura@itaenga.pe.gov.br &nbsp; Compet\u00eancia \u00c9 \u00f3rg\u00e3o de Administra\u00e7\u00e3o Especifica, tendo por finalidade promover a execu\u00e7\u00e3o das pol\u00edticas da Administra\u00e7\u00e3o Municipal na \u00e1rea <a class=\"leiamais\" href=\"https:\/\/itaenga.pe.gov.br\/v1\/secretaria-municipal-de-cultura\/\">VER MAIS <i class=\"fa-solid fa-chevron-right\"><\/i><\/a><\/p>\n","protected":false},"author":1,"featured_media":0,"parent":0,"menu_order":0,"comment_status":"closed","ping_status":"closed","template":"","meta":{"_acf_changed":false,"footnotes":""},"class_list":["post-178","page","type-page","status-publish","hentry","active"],"acf":[],"_links":{"self":[{"href":"https:\/\/itaenga.pe.gov.br\/v1\/wp-json\/wp\/v2\/pages\/178","targetHints":{"allow":["GET"]}}],"collection":[{"href":"https:\/\/itaenga.pe.gov.br\/v1\/wp-json\/wp\/v2\/pages"}],"about":[{"href":"https:\/\/itaenga.pe.gov.br\/v1\/wp-json\/wp\/v2\/types\/page"}],"author":[{"embeddable":true,"href":"https:\/\/itaenga.pe.gov.br\/v1\/wp-json\/wp\/v2\/users\/1"}],"replies":[{"embeddable":true,"href":"https:\/\/itaenga.pe.gov.br\/v1\/wp-json\/wp\/v2\/comments?post=178"}],"version-history":[{"count":1,"href":"https:\/\/itaenga.pe.gov.br\/v1\/wp-json\/wp\/v2\/pages\/178\/revisions"}],"predecessor-version":[{"id":247,"href":"https:\/\/itaenga.pe.gov.br\/v1\/wp-json\/wp\/v2\/pages\/178\/revisions\/247"}],"wp:attachment":[{"href":"https:\/\/itaenga.pe.gov.br\/v1\/wp-json\/wp\/v2\/media?parent=178"}],"curies":[{"name":"wp","href":"https:\/\/api.w.org\/{rel}","templated":true}]}}