{"id":173,"date":"2025-02-02T19:24:26","date_gmt":"2025-02-02T22:24:26","guid":{"rendered":"https:\/\/itaenga.pe.gov.br\/v1\/?page_id=173"},"modified":"2025-02-11T10:29:32","modified_gmt":"2025-02-11T13:29:32","slug":"secretario-de-administracao-e-desenvolvimento-economico","status":"publish","type":"page","link":"https:\/\/itaenga.pe.gov.br\/v1\/secretario-de-administracao-e-desenvolvimento-economico\/","title":{"rendered":"Secretaria de Administra\u00e7\u00e3o e Desenvolvimento Econ\u00f4mico"},"content":{"rendered":"<p><strong><img loading=\"lazy\" decoding=\"async\" class=\"img-fluid alignleft wp-image-299 \" src=\"https:\/\/itaenga.pe.gov.br\/v1\/wp-content\/uploads\/2025\/02\/PM_Itaenga_Secretario-de-administracao-e-desenvolvimento-economico-199x300.jpg\" alt=\"\" width=\"250\" height=\"377\" data-wp-pid=\"299\" srcset=\"https:\/\/itaenga.pe.gov.br\/v1\/wp-content\/uploads\/2025\/02\/PM_Itaenga_Secretario-de-administracao-e-desenvolvimento-economico-199x300.jpg 199w, https:\/\/itaenga.pe.gov.br\/v1\/wp-content\/uploads\/2025\/02\/PM_Itaenga_Secretario-de-administracao-e-desenvolvimento-economico.jpg 450w\" sizes=\"auto, (max-width: 250px) 100vw, 250px\" \/>SECRET\u00c1RIO<\/strong>: Gabriel Vicente Lira Silva<\/p>\n<p><strong>ENDERE\u00c7O<\/strong>: Rua 21 de Abril, 01<\/p>\n<p><strong>HOR\u00c1RIO DE FUNCIONAMENTO<\/strong>: 8h \u00e0s 13h<\/p>\n<p><a href=\"mailto:administracao@itaenga.pe.gov.br\">administracao@itaenga.pe.gov.br<\/a><\/p>\n<p>&nbsp;<\/p>\n<div style=\"float: left; width: 100%;\">\n<hr \/>\n<h3><strong>Compet\u00eancias<\/strong><\/h3>\n<p>A SECRETARIA MUNICIPAL DE ADMINISTRA\u00c7\u00c3O E DESENVOLVIMENTO \u00e9 \u00f3rg\u00e3o integrante de Administra\u00e7\u00e3o Geral, diretamente ligado ao Chefe do Poder Executivo Municipal, tendo como \u00e2mbito de a\u00e7\u00e3o, o planejamento, a coordena\u00e7\u00e3o, a execu\u00e7\u00e3o e o controle das atividades administrativas referentes \u00e0 pessoal, expediente, documenta\u00e7\u00e3o, protocolo, arquivo, compras, almoxarifado, patrim\u00f4nio, zeladoria, gerenciando os servi\u00e7os, os recursos materiais e financeiros de maneira eficaz, garantindo os meios necess\u00e1rios ao pleno funcionamento da Prefeitura, competindo-lhe especialmente:<\/p>\n<p>I \u2013 Contribuir para a formula\u00e7\u00e3o do Plano de A\u00e7\u00e3o do Governo Municipal, propondo programas setoriais de sua compet\u00eancia e colaborando para a elabora\u00e7\u00e3o de programas gerais;<\/p>\n<p>II \u2013 Cumprir pol\u00edticas e diretrizes definidas no Plano de A\u00e7\u00e3o do Governo Municipal e nos programas gerais e setoriais inerentes \u00e0 Secretaria;<\/p>\n<p>III \u2013 Analisar as altera\u00e7\u00f5es verificadas nas previs\u00f5es do or\u00e7amento anual e plurianual de investimentos da Secretaria e propor os ajustamentos necess\u00e1rios;<\/p>\n<p>IV \u2013 Promover a articula\u00e7\u00e3o da Secretaria com \u00f3rg\u00e3os e entidades da administra\u00e7\u00e3o p\u00fablica e da iniciativa privada, visando ao cumprimento das atividades setoriais;<\/p>\n<p>V \u2013 Cumprir e fazer cumprir as normas vigentes na administra\u00e7\u00e3o municipal;<\/p>\n<p>VI \u2013 Propor conv\u00eanios, contratos, acordos, ajustes e outras medidas que se recomendem para a consecu\u00e7\u00e3o dos objetivos da Secretaria;<\/p>\n<p>VII \u2013 Coordenar e fiscalizar a aplica\u00e7\u00e3o de verbas, dentro de conv\u00eanios espec\u00edficos;<\/p>\n<p>VIII \u2013 Desempenhar atividades ligadas \u00e0 administra\u00e7\u00e3o do pessoal, do patrim\u00f4nio, do material e dos servi\u00e7os gerais da Prefeitura;<\/p>\n<p>IX \u2013 Administrar os pr\u00e9dios e os bens p\u00fablicos do Munic\u00edpio;<\/p>\n<p>X \u2013 Verificar a execu\u00e7\u00e3o e o cumprimento de contratos de loca\u00e7\u00e3o de bens im\u00f3veis e m\u00f3veis e de presta\u00e7\u00e3o de servi\u00e7os especializados e de assist\u00eancia t\u00e9cnica, celebrados pelos \u00f3rg\u00e3os de administra\u00e7\u00e3o direta do Munic\u00edpio;<\/p>\n<p>XI \u2013 Centralizar, regulamentar e coordenar, no \u00e2mbito do Poder Executivo, as atividades e meios relacionados com o desenvolvimento, aperfei\u00e7oamento, treinamento, classifica\u00e7\u00e3o, remunera\u00e7\u00e3o do pessoal da Prefeitura e realiza\u00e7\u00e3o de concurso p\u00fablico;<\/p>\n<p>XII \u2013 Realizar a aquisi\u00e7\u00e3o de bens mediante requisi\u00e7\u00e3o das Secretarias;<\/p>\n<p>XIII \u2013 Assessorar e representar o Prefeito, quando designado;<\/p>\n<p>XIV \u2013 Comandar a frota do transporte p\u00fablico Municipal.<\/p>\n<\/div>\n","protected":false},"excerpt":{"rendered":"<p>SECRET\u00c1RIO: Gabriel Vicente Lira Silva ENDERE\u00c7O: Rua 21 de Abril, 01 HOR\u00c1RIO DE FUNCIONAMENTO: 8h \u00e0s 13h administracao@itaenga.pe.gov.br &nbsp; Compet\u00eancias A SECRETARIA MUNICIPAL DE ADMINISTRA\u00c7\u00c3O E DESENVOLVIMENTO \u00e9 \u00f3rg\u00e3o integrante de Administra\u00e7\u00e3o Geral, diretamente ligado ao Chefe do Poder Executivo <a class=\"leiamais\" href=\"https:\/\/itaenga.pe.gov.br\/v1\/secretario-de-administracao-e-desenvolvimento-economico\/\">VER MAIS <i class=\"fa-solid fa-chevron-right\"><\/i><\/a><\/p>\n","protected":false},"author":1,"featured_media":0,"parent":0,"menu_order":0,"comment_status":"closed","ping_status":"closed","template":"","meta":{"_acf_changed":false,"footnotes":""},"class_list":["post-173","page","type-page","status-publish","hentry","active"],"acf":[],"_links":{"self":[{"href":"https:\/\/itaenga.pe.gov.br\/v1\/wp-json\/wp\/v2\/pages\/173","targetHints":{"allow":["GET"]}}],"collection":[{"href":"https:\/\/itaenga.pe.gov.br\/v1\/wp-json\/wp\/v2\/pages"}],"about":[{"href":"https:\/\/itaenga.pe.gov.br\/v1\/wp-json\/wp\/v2\/types\/page"}],"author":[{"embeddable":true,"href":"https:\/\/itaenga.pe.gov.br\/v1\/wp-json\/wp\/v2\/users\/1"}],"replies":[{"embeddable":true,"href":"https:\/\/itaenga.pe.gov.br\/v1\/wp-json\/wp\/v2\/comments?post=173"}],"version-history":[{"count":9,"href":"https:\/\/itaenga.pe.gov.br\/v1\/wp-json\/wp\/v2\/pages\/173\/revisions"}],"predecessor-version":[{"id":311,"href":"https:\/\/itaenga.pe.gov.br\/v1\/wp-json\/wp\/v2\/pages\/173\/revisions\/311"}],"wp:attachment":[{"href":"https:\/\/itaenga.pe.gov.br\/v1\/wp-json\/wp\/v2\/media?parent=173"}],"curies":[{"name":"wp","href":"https:\/\/api.w.org\/{rel}","templated":true}]}}