{"id":169,"date":"2025-02-02T19:20:09","date_gmt":"2025-02-02T22:20:09","guid":{"rendered":"https:\/\/itaenga.pe.gov.br\/v1\/?page_id=169"},"modified":"2025-02-06T18:11:17","modified_gmt":"2025-02-06T21:11:17","slug":"simbolos-e-hino-do-municipio","status":"publish","type":"page","link":"https:\/\/itaenga.pe.gov.br\/v1\/simbolos-e-hino-do-municipio\/","title":{"rendered":"S\u00edmbolos e Hino do Municipio"},"content":{"rendered":"<p><img loading=\"lazy\" decoding=\"async\" class=\"img-fluid alignnone wp-image-216 \" src=\"https:\/\/itaenga.pe.gov.br\/v1\/wp-content\/uploads\/2025\/02\/Bandeira-e-Brasao.jpg\" alt=\"\" width=\"760\" height=\"489\" data-wp-pid=\"216\" srcset=\"https:\/\/itaenga.pe.gov.br\/v1\/wp-content\/uploads\/2025\/02\/Bandeira-e-Brasao.jpg 700w, https:\/\/itaenga.pe.gov.br\/v1\/wp-content\/uploads\/2025\/02\/Bandeira-e-Brasao-300x193.jpg 300w\" sizes=\"auto, (max-width: 760px) 100vw, 760px\" \/><\/p>\n<blockquote class=\"wp-block-quote is-layout-flow wp-block-quote-is-layout-flow\"><p><em>Oh! Minha terra querida.<br \/>\nBer\u00e7o da minha vida;<br \/>\nP\u00e1tria M\u00e3e dos meus av\u00f3s.<br \/>\n\u00c9s orgulho da Mata Norte.<br \/>\nTeu escudo bravo e forte;<br \/>\nRepresenta todos n\u00f3s<\/em><\/p>\n<p><em>Mesmo distante, n\u00e3o te esque\u00e7o.<br \/>\nPorque reconhe\u00e7o quanto bondosa que tu \u00e9s.<br \/>\nO teu nome \u00e9 aplaudido;<br \/>\nPor teus filhos queridos;<br \/>\nQue a ti s\u00e3o t\u00e3o fi\u00e9is.<\/em><\/p>\n<p>Refr\u00e3o<\/p>\n<p><em>Lagoa de Itaenga, o teu nome quero exaltar.<br \/>\nTeu povo luta com coragem e alegria.<br \/>\nNo dia a dia vive o progresso a buscar.<\/em> (bis)<\/p>\n<p><em>Tua beleza vem de teus canaviais;<br \/>\nManto vivo da riqueza;<br \/>\nLembra nossos ancestrais.<br \/>\nQue aqui fizeram planos;<br \/>\nDo engenho Dois Manos;<br \/>\nNunca mais esquecer\u00e1s.<\/em><\/p>\n<p><em>Vegeta\u00e7\u00e3o, \u00e1gua e pedra se formou.<br \/>\nO teu nome com grandeza;<br \/>\nQue cantamos com amor.<br \/>\nTeu povo forte, bravo e destemido;<br \/>\nFirme e unido em teu seio acolhedor.<\/em><\/p>\n<p><em><strong>(Letra e M\u00fasica: Moises Soares Lins)<\/strong><\/em><\/p><\/blockquote>\n","protected":false},"excerpt":{"rendered":"<p>Oh! Minha terra querida. Ber\u00e7o da minha vida; P\u00e1tria M\u00e3e dos meus av\u00f3s. \u00c9s orgulho da Mata Norte. Teu escudo bravo e forte; Representa todos n\u00f3s Mesmo distante, n\u00e3o te esque\u00e7o. Porque reconhe\u00e7o quanto bondosa que tu \u00e9s. O teu <a class=\"leiamais\" href=\"https:\/\/itaenga.pe.gov.br\/v1\/simbolos-e-hino-do-municipio\/\">VER MAIS <i class=\"fa-solid fa-chevron-right\"><\/i><\/a><\/p>\n","protected":false},"author":1,"featured_media":216,"parent":0,"menu_order":0,"comment_status":"closed","ping_status":"closed","template":"","meta":{"_acf_changed":false,"footnotes":""},"class_list":["post-169","page","type-page","status-publish","has-post-thumbnail","hentry","active"],"acf":[],"_links":{"self":[{"href":"https:\/\/itaenga.pe.gov.br\/v1\/wp-json\/wp\/v2\/pages\/169","targetHints":{"allow":["GET"]}}],"collection":[{"href":"https:\/\/itaenga.pe.gov.br\/v1\/wp-json\/wp\/v2\/pages"}],"about":[{"href":"https:\/\/itaenga.pe.gov.br\/v1\/wp-json\/wp\/v2\/types\/page"}],"author":[{"embeddable":true,"href":"https:\/\/itaenga.pe.gov.br\/v1\/wp-json\/wp\/v2\/users\/1"}],"replies":[{"embeddable":true,"href":"https:\/\/itaenga.pe.gov.br\/v1\/wp-json\/wp\/v2\/comments?post=169"}],"version-history":[{"count":3,"href":"https:\/\/itaenga.pe.gov.br\/v1\/wp-json\/wp\/v2\/pages\/169\/revisions"}],"predecessor-version":[{"id":255,"href":"https:\/\/itaenga.pe.gov.br\/v1\/wp-json\/wp\/v2\/pages\/169\/revisions\/255"}],"wp:featuredmedia":[{"embeddable":true,"href":"https:\/\/itaenga.pe.gov.br\/v1\/wp-json\/wp\/v2\/media\/216"}],"wp:attachment":[{"href":"https:\/\/itaenga.pe.gov.br\/v1\/wp-json\/wp\/v2\/media?parent=169"}],"curies":[{"name":"wp","href":"https:\/\/api.w.org\/{rel}","templated":true}]}}

Símbolos e Hino do Municipio

<p><img loading="lazy" decoding="async" class="img-fluid alignnone wp-image-216 " src="https://itaenga.pe.gov.br/v1/wp-content/uploads/2025/02/Bandeira-e-Brasao.jpg" alt="" width="760" height="489" data-wp-pid="216" srcset="https://itaenga.pe.gov.br/v1/wp-content/uploads/2025/02/Bandeira-e-Brasao.jpg 700w, https://itaenga.pe.gov.br/v1/wp-content/uploads/2025/02/Bandeira-e-Brasao-300x193.jpg 300w" sizes="auto, (max-width: 760px) 100vw, 760px" /></p>
<blockquote class="wp-block-quote is-layout-flow wp-block-quote-is-layout-flow"><p><em>Oh! Minha terra querida.<br />
Berço da minha vida;<br />
Pátria Mãe dos meus avós.<br />
És orgulho da Mata Norte.<br />
Teu escudo bravo e forte;<br />
Representa todos nós</em></p>
<p><em>Mesmo distante, não te esqueço.<br />
Porque reconheço quanto bondosa que tu és.<br />
O teu nome é aplaudido;<br />
Por teus filhos queridos;<br />
Que a ti são tão fiéis.</em></p>
<p>Refrão</p>
<p><em>Lagoa de Itaenga, o teu nome quero exaltar.<br />
Teu povo luta com coragem e alegria.<br />
No dia a dia vive o progresso a buscar.</em> (bis)</p>
<p><em>Tua beleza vem de teus canaviais;<br />
Manto vivo da riqueza;<br />
Lembra nossos ancestrais.<br />
Que aqui fizeram planos;<br />
Do engenho Dois Manos;<br />
Nunca mais esquecerás.</em></p>
<p><em>Vegetação, água e pedra se formou.<br />
O teu nome com grandeza;<br />
Que cantamos com amor.<br />
Teu povo forte, bravo e destemido;<br />
Firme e unido em teu seio acolhedor.</em></p>
<p><em><strong>(Letra e Música: Moises Soares Lins)</strong></em></p></blockquote>

<p>Oh! Minha terra querida. Berço da minha vida; Pátria Mãe dos meus avós. És orgulho da Mata Norte. Teu escudo bravo e forte; Representa todos nós Mesmo distante, não te esqueço. Porque reconheço quanto bondosa que tu és. O teu <a class="leiamais" href="https://itaenga.pe.gov.br/v1/simbolos-e-hino-do-municipio/">VER MAIS <i class="fa-solid fa-chevron-right"></i></a></p>
